{"id":89,"date":"2024-02-01T21:22:26","date_gmt":"2024-02-01T20:22:26","guid":{"rendered":"http:\/\/www.glacerimo.fr\/?page_id=89"},"modified":"2026-01-19T16:34:07","modified_gmt":"2026-01-19T15:34:07","slug":"home","status":"publish","type":"page","link":"https:\/\/www.glacerimo.fr\/","title":{"rendered":"Accueil"},"content":{"rendered":"\t\t<div data-elementor-type=\"wp-page\" data-elementor-id=\"89\" class=\"elementor elementor-89\" data-elementor-post-type=\"page\">\n\t\t\t\t<div class=\"elementor-element elementor-element-62ebacd e-flex e-con-boxed e-con e-parent\" data-id=\"62ebacd\" data-element_type=\"container\">\n\t\t\t\t\t<div class=\"e-con-inner\">\n\t\t<div class=\"elementor-element elementor-element-ab13234 e-con-full e-flex e-con e-child\" data-id=\"ab13234\" data-element_type=\"container\">\n\t\t\t\t<div class=\"elementor-element elementor-element-4bba6451 elementor-widget elementor-widget-heading\" data-id=\"4bba6451\" data-element_type=\"widget\" data-widget_type=\"heading.default\">\n\t\t\t\t<div class=\"elementor-widget-container\">\n\t\t\t\t\t<h2 class=\"elementor-heading-title elementor-size-default\">RIMO, cr\u00e8mes glac\u00e9es fermi\u00e8res<\/h2>\t\t\t\t<\/div>\n\t\t\t\t<\/div>\n\t\t\t\t<\/div>\n\t\t<div class=\"elementor-element elementor-element-47e6ba6 e-con-full e-flex e-con e-child\" data-id=\"47e6ba6\" data-element_type=\"container\">\n\t\t\t\t<div class=\"elementor-element elementor-element-6db00119 elementor-widget__width-initial elementor-widget elementor-widget-text-editor\" data-id=\"6db00119\" data-element_type=\"widget\" data-widget_type=\"text-editor.default\">\n\t\t\t\t<div class=\"elementor-widget-container\">\n\t\t\t\t\t\t\t\t\t<h4>\u00a0<\/h4><h4><strong>Depuis 2015, <\/strong>nous\u00a0 transformons une partie du lait de notre ferme laiti\u00e8re pour la fabrication de<strong> cr\u00e8mes glac\u00e9es artisanales m\u00e9daill\u00e9es.<\/strong><\/h4>\t\t\t\t\t\t\t\t<\/div>\n\t\t\t\t<\/div>\n\t\t\t\t<\/div>\n\t\t\t\t\t<\/div>\n\t\t\t\t<\/div>\n\t\t<div class=\"elementor-element elementor-element-5910e37e e-flex e-con-boxed e-con e-parent\" data-id=\"5910e37e\" data-element_type=\"container\">\n\t\t\t\t\t<div class=\"e-con-inner\">\n\t\t<div class=\"elementor-element elementor-element-2a4e8e66 e-flex e-con-boxed e-con e-child\" data-id=\"2a4e8e66\" data-element_type=\"container\">\n\t\t\t\t\t<div class=\"e-con-inner\">\n\t\t\t\t<div class=\"elementor-element elementor-element-40cc1797 elementor-widget elementor-widget-heading\" data-id=\"40cc1797\" data-element_type=\"widget\" data-widget_type=\"heading.default\">\n\t\t\t\t<div class=\"elementor-widget-container\">\n\t\t\t\t\t<h1 class=\"elementor-heading-title elementor-size-default\">Une Histoire de  Famille<\/h1>\t\t\t\t<\/div>\n\t\t\t\t<\/div>\n\t\t\t\t<div class=\"elementor-element elementor-element-62d8fb02 elementor-widget elementor-widget-text-editor\" data-id=\"62d8fb02\" data-element_type=\"widget\" data-widget_type=\"text-editor.default\">\n\t\t\t\t<div class=\"elementor-widget-container\">\n\t\t\t\t\t\t\t\t\t<h4>Depuis 1947, la famille Rimaud fait vivre les traditions de sa ferme au c\u0153ur de la Dombes, dans l\u2019Ain.<\/h4>\t\t\t\t\t\t\t\t<\/div>\n\t\t\t\t<\/div>\n\t\t\t\t\t<\/div>\n\t\t\t\t<\/div>\n\t\t<div class=\"elementor-element elementor-element-a032f0 e-flex e-con-boxed e-con e-child\" data-id=\"a032f0\" data-element_type=\"container\">\n\t\t\t\t\t<div class=\"e-con-inner\">\n\t\t\t\t<div class=\"elementor-element elementor-element-4b7cb72a elementor-cta--layout-image-above elementor-cta--skin-classic elementor-animated-content elementor-widget elementor-widget-call-to-action\" data-id=\"4b7cb72a\" data-element_type=\"widget\" data-widget_type=\"call-to-action.default\">\n\t\t\t\t<div class=\"elementor-widget-container\">\n\t\t\t\t\t\t\t<div class=\"elementor-cta\">\n\t\t\t\t\t<div class=\"elementor-cta__bg-wrapper\">\n\t\t\t\t<div class=\"elementor-cta__bg elementor-bg\" style=\"background-image: url(https:\/\/www.glacerimo.fr\/wp-content\/uploads\/2024\/03\/P1190664-scaled-e1711705085331.jpg);\" role=\"img\" aria-label=\"P1190664\"><\/div>\n\t\t\t\t<div class=\"elementor-cta__bg-overlay\"><\/div>\n\t\t\t<\/div>\n\t\t\t\t\t\t\t<div class=\"elementor-cta__content\">\n\t\t\t\t\n\t\t\t\t\t\t\t\t\t<h3 class=\"elementor-cta__title elementor-cta__content-item elementor-content-item\">\n\t\t\t\t\t\tDes Hommes et des Vaches\t\t\t\t\t<\/h3>\n\t\t\t\t\n\t\t\t\t\t\t\t\t\t<div class=\"elementor-cta__description elementor-cta__content-item elementor-content-item\">\n\t\t\t\t\t\tNous croyons que le mod\u00e8le agricole familial peut encore exister.&nbsp;\nLa troisi\u00e8me g\u00e9n\u00e9ration \u0153uvre d\u00e9sormais \u00e0 l'activit\u00e9. <br>Les cousins Simon \u00e0 la ferme et Guillaume \u00e0 la glacerie, se sont associ\u00e9s pour proposer <br><b><i>un moment de plaisir glacement vache aux gourmands<\/i><\/b> !<br>\nQuand vous achetez une glace Rim\u00f4 vous contribuez \u00e0 faire vivre plusieurs familles qui vivent de leur passion, celle de nourrir les Hommes et de travailler la terre.<br><br><b>Simon <\/b>(associ\u00e9 depuis 2018), <b>Cyrille <\/b>(exploitant en retraite depuis le 1er janvier 2025), <b>Martine <\/b>(initiatrice de l'atelier glaces), <b>Xavier <\/b>(exploitant en retraite) et <b>Guillaume <\/b>(associ\u00e9 depuis 2023). <br>Sans oublier <b>Jute<\/b>, la gardienne. \t\t\t\t\t<\/div>\n\t\t\t\t\n\t\t\t\t\t\t\t\t\t<div class=\"elementor-cta__button-wrapper elementor-cta__content-item elementor-content-item \">\n\t\t\t\t\t<a class=\"elementor-cta__button elementor-button elementor-size-\" href=\"https:\/\/www.glacerimo.fr\/?page_id=60\">\n\t\t\t\t\t\tD\u00e9couvrez la ferme\t\t\t\t\t<\/a>\n\t\t\t\t\t<\/div>\n\t\t\t\t\t\t\t<\/div>\n\t\t\t\t\t\t<\/div>\n\t\t\t\t\t\t<\/div>\n\t\t\t\t<\/div>\n\t\t<div class=\"elementor-element elementor-element-1488d28 e-flex e-con-boxed e-con e-child\" data-id=\"1488d28\" data-element_type=\"container\">\n\t\t\t\t\t<div class=\"e-con-inner\">\n\t\t\t\t<div class=\"elementor-element elementor-element-011cc64 elementor-cta--layout-image-right elementor-cta--skin-classic elementor-animated-content elementor-bg-transform elementor-bg-transform-zoom-in elementor-widget elementor-widget-call-to-action\" data-id=\"011cc64\" data-element_type=\"widget\" data-widget_type=\"call-to-action.default\">\n\t\t\t\t<div class=\"elementor-widget-container\">\n\t\t\t\t\t\t\t<div class=\"elementor-cta\">\n\t\t\t\t\t<div class=\"elementor-cta__bg-wrapper\">\n\t\t\t\t<div class=\"elementor-cta__bg elementor-bg\" style=\"background-image: url(https:\/\/www.glacerimo.fr\/wp-content\/uploads\/2024\/02\/\u00a9Clara-DARGETLACOSTE-scaled.jpg);\" role=\"img\" aria-label=\"\u00a9Clara-DARGETLACOSTE\"><\/div>\n\t\t\t\t<div class=\"elementor-cta__bg-overlay\"><\/div>\n\t\t\t<\/div>\n\t\t\t\t\t\t\t<div class=\"elementor-cta__content\">\n\t\t\t\t\n\t\t\t\t\t\t\t\t\t<h3 class=\"elementor-cta__title elementor-cta__content-item elementor-content-item\">\n\t\t\t\t\t\tDes Glaces Artisanales Premium\t\t\t\t\t<\/h3>\n\t\t\t\t\n\t\t\t\t\t\t\t\t\t<div class=\"elementor-cta__description elementor-cta__content-item elementor-content-item\">\n\t\t\t\t\t\tC'est Martine qui apr\u00e8s avoir pass\u00e9 un CAP et suivi diff\u00e9rents stages et formations \u00e9labore les recettes depuis 2015.\n<br>3 de nos parfums ont \u00e9t\u00e9 m\u00e9daill\u00e9s au Concours international des produits laitiers de Lyon en 2022 et 2023\t\t\t\t\t<\/div>\n\t\t\t\t\n\t\t\t\t\t\t\t\t\t<div class=\"elementor-cta__button-wrapper elementor-cta__content-item elementor-content-item \">\n\t\t\t\t\t<a class=\"elementor-cta__button elementor-button elementor-size-\" href=\"https:\/\/www.glacerimo.fr\/?page_id=72\">\n\t\t\t\t\t\tNos Glaces\t\t\t\t\t<\/a>\n\t\t\t\t\t<\/div>\n\t\t\t\t\t\t\t<\/div>\n\t\t\t\t\t\t<\/div>\n\t\t\t\t\t\t<\/div>\n\t\t\t\t<\/div>\n\t\t\t\t<div class=\"elementor-element elementor-element-bb90035 elementor-cta--layout-image-left elementor-cta--skin-classic elementor-animated-content elementor-bg-transform elementor-bg-transform-zoom-in elementor-widget elementor-widget-call-to-action\" data-id=\"bb90035\" data-element_type=\"widget\" data-widget_type=\"call-to-action.default\">\n\t\t\t\t<div class=\"elementor-widget-container\">\n\t\t\t\t\t\t\t<div class=\"elementor-cta\">\n\t\t\t\t\t<div class=\"elementor-cta__bg-wrapper\">\n\t\t\t\t<div class=\"elementor-cta__bg elementor-bg\" style=\"background-image: url(https:\/\/www.glacerimo.fr\/wp-content\/uploads\/2024\/02\/WhatsApp-Image-2024-02-07-at-10.26.44.jpeg);\" role=\"img\" aria-label=\"WhatsApp Image 2024-02-07 at 10.26.44\"><\/div>\n\t\t\t\t<div class=\"elementor-cta__bg-overlay\"><\/div>\n\t\t\t<\/div>\n\t\t\t\t\t\t\t<div class=\"elementor-cta__content\">\n\t\t\t\t\n\t\t\t\t\t\t\t\t\t<h3 class=\"elementor-cta__title elementor-cta__content-item elementor-content-item\">\n\t\t\t\t\t\tNos Points de Vente\t\t\t\t\t<\/h3>\n\t\t\t\t\n\t\t\t\t\t\t\t\t\t<div class=\"elementor-cta__description elementor-cta__content-item elementor-content-item\">\n\t\t\t\t\t\tNous avons fais le choix de commercialiser nos glaces dans un rayon proche de notre ferme. <br>Nos 3 boutiques r\u00e9galent vos papilles. <br><br>Nous proposons \u00e9galement des prestations (type bar \u00e0 glace) pour les particuliers et professionnels !\t\t\t\t\t<\/div>\n\t\t\t\t\n\t\t\t\t\t\t\t\t\t<div class=\"elementor-cta__button-wrapper elementor-cta__content-item elementor-content-item \">\n\t\t\t\t\t<a class=\"elementor-cta__button elementor-button elementor-size-\" href=\"https:\/\/www.glacerimo.fr\/?page_id=63\">\n\t\t\t\t\t\tVisitez nos boutiques\t\t\t\t\t<\/a>\n\t\t\t\t\t<\/div>\n\t\t\t\t\t\t\t<\/div>\n\t\t\t\t\t\t<\/div>\n\t\t\t\t\t\t<\/div>\n\t\t\t\t<\/div>\n\t\t<div class=\"elementor-element elementor-element-d9dd4b7 e-flex e-con-boxed e-con e-child\" data-id=\"d9dd4b7\" data-element_type=\"container\">\n\t\t\t\t\t<div class=\"e-con-inner\">\n\t\t\t\t<div class=\"elementor-element elementor-element-41bdd04c elementor-cta--skin-cover elementor-widget__width-inherit elementor-animated-content elementor-bg-transform elementor-bg-transform-zoom-in elementor-widget elementor-widget-call-to-action\" data-id=\"41bdd04c\" data-element_type=\"widget\" data-widget_type=\"call-to-action.default\">\n\t\t\t\t<div class=\"elementor-widget-container\">\n\t\t\t\t\t\t\t<div class=\"elementor-cta\">\n\t\t\t\t\t<div class=\"elementor-cta__bg-wrapper\">\n\t\t\t\t<div class=\"elementor-cta__bg elementor-bg\" style=\"background-image: url(https:\/\/www.glacerimo.fr\/wp-content\/uploads\/2024\/02\/GlacesRimo\u00a9Claire-CURT-45-scaled.jpg);\" role=\"img\" aria-label=\"GlacesRimo\u00a9Claire CURT (45)\"><\/div>\n\t\t\t\t<div class=\"elementor-cta__bg-overlay\"><\/div>\n\t\t\t<\/div>\n\t\t\t\t\t\t\t<div class=\"elementor-cta__content\">\n\t\t\t\t\n\t\t\t\t\t\t\t\t\t<h3 class=\"elementor-cta__title elementor-cta__content-item elementor-content-item elementor-animated-item--grow\">\n\t\t\t\t\t\tRecettes \u00e9labor\u00e9es par nos soins\t\t\t\t\t<\/h3>\n\t\t\t\t\n\t\t\t\t\n\t\t\t\t\t\t\t<\/div>\n\t\t\t\t\t\t<\/div>\n\t\t\t\t\t\t<\/div>\n\t\t\t\t<\/div>\n\t\t\t\t<div class=\"elementor-element elementor-element-ab7aff6 elementor-cta--skin-cover elementor-widget__width-inherit elementor-cta--valign-middle elementor-animated-content elementor-bg-transform elementor-bg-transform-zoom-in elementor-widget elementor-widget-call-to-action\" data-id=\"ab7aff6\" data-element_type=\"widget\" data-widget_type=\"call-to-action.default\">\n\t\t\t\t<div class=\"elementor-widget-container\">\n\t\t\t\t\t\t\t<div class=\"elementor-cta\">\n\t\t\t\t\t<div class=\"elementor-cta__bg-wrapper\">\n\t\t\t\t<div class=\"elementor-cta__bg elementor-bg\" style=\"background-image: url(https:\/\/www.glacerimo.fr\/wp-content\/uploads\/2024\/02\/Photo-FB-e1711744287575.jpg);\" role=\"img\" aria-label=\"Photo FB\"><\/div>\n\t\t\t\t<div class=\"elementor-cta__bg-overlay\"><\/div>\n\t\t\t<\/div>\n\t\t\t\t\t\t\t<div class=\"elementor-cta__content\">\n\t\t\t\t\n\t\t\t\t\t\t\t\t\t<h3 class=\"elementor-cta__title elementor-cta__content-item elementor-content-item elementor-animated-item--grow\">\n\t\t\t\t\t\tFabrication artisanale dans notre laboratoire\t\t\t\t\t<\/h3>\n\t\t\t\t\n\t\t\t\t\n\t\t\t\t\t\t\t<\/div>\n\t\t\t\t\t\t<\/div>\n\t\t\t\t\t\t<\/div>\n\t\t\t\t<\/div>\n\t\t\t\t<div class=\"elementor-element elementor-element-70e08d3a elementor-cta--skin-cover elementor-widget__width-inherit elementor-animated-content elementor-bg-transform elementor-bg-transform-zoom-in elementor-widget elementor-widget-call-to-action\" data-id=\"70e08d3a\" data-element_type=\"widget\" data-widget_type=\"call-to-action.default\">\n\t\t\t\t<div class=\"elementor-widget-container\">\n\t\t\t\t\t\t\t<div class=\"elementor-cta\">\n\t\t\t\t\t<div class=\"elementor-cta__bg-wrapper\">\n\t\t\t\t<div class=\"elementor-cta__bg elementor-bg\" style=\"background-image: url(https:\/\/www.glacerimo.fr\/wp-content\/uploads\/2024\/02\/2-scaled.jpg);\" role=\"img\" aria-label=\"2\"><\/div>\n\t\t\t\t<div class=\"elementor-cta__bg-overlay\"><\/div>\n\t\t\t<\/div>\n\t\t\t\t\t\t\t<div class=\"elementor-cta__content\">\n\t\t\t\t\n\t\t\t\t\t\t\t\t\t<h3 class=\"elementor-cta__title elementor-cta__content-item elementor-content-item elementor-animated-item--grow\">\n\t\t\t\t\t\tMati\u00e8res premi\u00e8res de qualit\u00e9\t\t\t\t\t<\/h3>\n\t\t\t\t\n\t\t\t\t\n\t\t\t\t\t\t\t<\/div>\n\t\t\t\t\t\t<\/div>\n\t\t\t\t\t\t<\/div>\n\t\t\t\t<\/div>\n\t\t\t\t\t<\/div>\n\t\t\t\t<\/div>\n\t\t\t\t\t<\/div>\n\t\t\t\t<\/div>\n\t\t<div class=\"elementor-element elementor-element-2251614 e-flex e-con-boxed e-con e-child\" data-id=\"2251614\" data-element_type=\"container\">\n\t\t\t\t\t<div class=\"e-con-inner\">\n\t\t\t\t<div class=\"elementor-element elementor-element-4a6d45e elementor-widget elementor-widget-text-editor\" data-id=\"4a6d45e\" data-element_type=\"widget\" data-widget_type=\"text-editor.default\">\n\t\t\t\t<div class=\"elementor-widget-container\">\n\t\t\t\t\t\t\t\t\t<p>En 2023, nous avons fait le choix <strong>d\u2019agrandir le laboratoire de fabrication de glaces<\/strong> \ud83c\udf66<\/p><p>Nous avons fait appel \u00e0 l&#8217;aide <strong>302 Transformer et valoriser mes productions agricoles <\/strong>cofinancer par la R\u00e9gion AURA, de l&#8217;Union Europ\u00e9enne (FEADER) et le D\u00e9partement de L\u2019 Ain.<\/p><p>Cette dotation permet un investissement mesur\u00e9 dans un \u00e9cosyst\u00e8me \u00e9conomique incertain. Nous sommes tr\u00e8s reconnaissants de l\u2019investissement des politiques publiques pour le soutient \u00e0 l\u2019artisanat et l\u2019agriculture de notre belle r\u00e9gion Auvergne Rh\u00f4ne- Alpes.<\/p><p>N\u00b0 dossier : 00218324<\/p><p>Nom du b\u00e9n\u00e9ficiaire et lieux des Travaux : GAEC DE JOSSERAND, Lieu-dit Josserand, 01240 LA CHAPELLE DU CHATELARD. N\u00b0 SIRET 330925371 00016<\/p><ul><li>Date de d\u00e9but de validit\u00e9 : 19\/10\/2023\u00a0<\/li><li>\u00a0Date de fin de validit\u00e9 : 31\/12\/2026<\/li><\/ul><p>\u00a0<\/p>\t\t\t\t\t\t\t\t<\/div>\n\t\t\t\t<\/div>\n\t\t\t\t<div class=\"elementor-element elementor-element-b8dbdad elementor-widget elementor-widget-image\" data-id=\"b8dbdad\" data-element_type=\"widget\" data-widget_type=\"image.default\">\n\t\t\t\t<div class=\"elementor-widget-container\">\n\t\t\t\t\t\t\t\t\t\t\t\t\t\t\t<img fetchpriority=\"high\" decoding=\"async\" width=\"750\" height=\"82\" src=\"https:\/\/www.glacerimo.fr\/wp-content\/uploads\/2025\/03\/Bandeau_AG-Charte_Region-Europe_bleu-1024x112.png\" class=\"attachment-large size-large wp-image-831\" alt=\"\" srcset=\"https:\/\/www.glacerimo.fr\/wp-content\/uploads\/2025\/03\/Bandeau_AG-Charte_Region-Europe_bleu-1024x112.png 1024w, https:\/\/www.glacerimo.fr\/wp-content\/uploads\/2025\/03\/Bandeau_AG-Charte_Region-Europe_bleu-300x33.png 300w, https:\/\/www.glacerimo.fr\/wp-content\/uploads\/2025\/03\/Bandeau_AG-Charte_Region-Europe_bleu-768x84.png 768w, https:\/\/www.glacerimo.fr\/wp-content\/uploads\/2025\/03\/Bandeau_AG-Charte_Region-Europe_bleu-1536x167.png 1536w, https:\/\/www.glacerimo.fr\/wp-content\/uploads\/2025\/03\/Bandeau_AG-Charte_Region-Europe_bleu-2048x223.png 2048w\" sizes=\"(max-width: 750px) 100vw, 750px\" style=\"width:100%;height:10.9%;max-width:8184px\" \/>\t\t\t\t\t\t\t\t\t\t\t\t\t\t\t<\/div>\n\t\t\t\t<\/div>\n\t\t\t\t<div class=\"elementor-element elementor-element-1d4b7dd elementor-widget elementor-widget-image\" data-id=\"1d4b7dd\" data-element_type=\"widget\" data-widget_type=\"image.default\">\n\t\t\t\t<div class=\"elementor-widget-container\">\n\t\t\t\t\t\t\t\t\t\t\t\t\t\t\t<img decoding=\"async\" width=\"750\" height=\"390\" src=\"https:\/\/www.glacerimo.fr\/wp-content\/uploads\/2025\/03\/Logo_Ain_2018.svg-768x399.png\" class=\"attachment-medium_large size-medium_large wp-image-840\" alt=\"\" srcset=\"https:\/\/www.glacerimo.fr\/wp-content\/uploads\/2025\/03\/Logo_Ain_2018.svg-768x399.png 768w, https:\/\/www.glacerimo.fr\/wp-content\/uploads\/2025\/03\/Logo_Ain_2018.svg-300x156.png 300w, https:\/\/www.glacerimo.fr\/wp-content\/uploads\/2025\/03\/Logo_Ain_2018.svg.png 900w\" sizes=\"(max-width: 750px) 100vw, 750px\" style=\"width:100%;height:51.89%;max-width:900px\" \/>\t\t\t\t\t\t\t\t\t\t\t\t\t\t\t<\/div>\n\t\t\t\t<\/div>\n\t\t\t\t\t<\/div>\n\t\t\t\t<\/div>\n\t\t\t\t\t<\/div>\n\t\t\t\t<\/div>\n\t\t\t\t\t<\/div>\n\t\t\t\t<\/div>\n\t\t<div class=\"elementor-element elementor-element-d134c62 e-flex e-con-boxed e-con e-parent\" data-id=\"d134c62\" data-element_type=\"container\">\n\t\t\t\t\t<div class=\"e-con-inner\">\n\t\t\t\t<div class=\"elementor-element elementor-element-4113dc5e elementor-cta--layout-image-left elementor-cta--mobile-layout-image-above elementor-cta--skin-classic elementor-animated-content elementor-widget elementor-widget-call-to-action\" data-id=\"4113dc5e\" data-element_type=\"widget\" data-widget_type=\"call-to-action.default\">\n\t\t\t\t<div class=\"elementor-widget-container\">\n\t\t\t\t\t\t\t<div class=\"elementor-cta\">\n\t\t\t\t\t<div class=\"elementor-cta__bg-wrapper\">\n\t\t\t\t<div class=\"elementor-cta__bg elementor-bg\" style=\"background-image: url(https:\/\/www.glacerimo.fr\/wp-content\/uploads\/2024\/02\/20230602_205719-scaled.jpg);\" role=\"img\" aria-label=\"20230602_205719\"><\/div>\n\t\t\t\t<div class=\"elementor-cta__bg-overlay\"><\/div>\n\t\t\t<\/div>\n\t\t\t\t\t\t\t<div class=\"elementor-cta__content\">\n\t\t\t\t\n\t\t\t\t\t\t\t\t\t<h2 class=\"elementor-cta__title elementor-cta__content-item elementor-content-item\">\n\t\t\t\t\t\tAu Coeur de la Dombes\t\t\t\t\t<\/h2>\n\t\t\t\t\n\t\t\t\t\t\t\t\t\t<div class=\"elementor-cta__description elementor-cta__content-item elementor-content-item\">\n\t\t\t\t\t\tTerritoire aux mille \u00e9tangs, la Dombes r\u00e9v\u00e8le un paysage changeant et inattendu aux visiteurs qui la parcourent. Premi\u00e8re r\u00e9gion piscicole en eau douce, la Dombes est aussi une terre de traditions ancestrales (p\u00eache d\u2019\u00e9tang, \u00e9levage du cheval\u2026), le paradis des oiseaux, avec une faune et une flore d\u2019exception, le tout dans une nature pr\u00e9serv\u00e9e.\t\t\t\t\t<\/div>\n\t\t\t\t\n\t\t\t\t\t\t\t\t\t<div class=\"elementor-cta__button-wrapper elementor-cta__content-item elementor-content-item \">\n\t\t\t\t\t<a class=\"elementor-cta__button elementor-button elementor-size-md\" href=\"http:\/\/www.dombes-tourisme.com\/\" target=\"_blank\">\n\t\t\t\t\t\tD\u00e9couvrez la Dombes\t\t\t\t\t<\/a>\n\t\t\t\t\t<\/div>\n\t\t\t\t\t\t\t<\/div>\n\t\t\t\t\t\t<\/div>\n\t\t\t\t\t\t<\/div>\n\t\t\t\t<\/div>\n\t\t\t\t\t<\/div>\n\t\t\t\t<\/div>\n\t\t<div class=\"elementor-element elementor-element-2219e11 e-flex e-con-boxed e-con e-parent\" data-id=\"2219e11\" data-element_type=\"container\">\n\t\t\t\t\t<div class=\"e-con-inner\">\n\t\t\t\t<div class=\"elementor-element elementor-element-bb1b7f0 elementor-widget elementor-widget-spacer\" data-id=\"bb1b7f0\" data-element_type=\"widget\" data-widget_type=\"spacer.default\">\n\t\t\t\t<div class=\"elementor-widget-container\">\n\t\t\t\t\t\t\t<div class=\"elementor-spacer\">\n\t\t\t<div class=\"elementor-spacer-inner\"><\/div>\n\t\t<\/div>\n\t\t\t\t\t\t<\/div>\n\t\t\t\t<\/div>\n\t\t\t\t\t<\/div>\n\t\t\t\t<\/div>\n\t\t\t\t<\/div>\n\t\t","protected":false},"excerpt":{"rendered":"<p>RIMO, cr\u00e8mes glac\u00e9es fermi\u00e8res \u00a0 Depuis 2015, nous\u00a0 transformons une partie du lait de notre ferme laiti\u00e8re pour la fabrication de cr\u00e8mes glac\u00e9es artisanales m\u00e9daill\u00e9es. Une Histoire de Famille Depuis 1947, la famille Rimaud fait vivre les traditions de sa ferme au c\u0153ur de la Dombes, dans l\u2019Ain. Des Hommes et des Vaches Nous croyons&hellip; <a class=\"more-link\" href=\"https:\/\/www.glacerimo.fr\/\">Continue reading <span class=\"screen-reader-text\">Accueil<\/span><\/a><\/p>\n","protected":false},"author":1,"featured_media":0,"parent":0,"menu_order":0,"comment_status":"closed","ping_status":"closed","template":"elementor_header_footer","meta":{"footnotes":""},"class_list":["post-89","page","type-page","status-publish","hentry","entry"],"_links":{"self":[{"href":"https:\/\/www.glacerimo.fr\/index.php?rest_route=\/wp\/v2\/pages\/89","targetHints":{"allow":["GET"]}}],"collection":[{"href":"https:\/\/www.glacerimo.fr\/index.php?rest_route=\/wp\/v2\/pages"}],"about":[{"href":"https:\/\/www.glacerimo.fr\/index.php?rest_route=\/wp\/v2\/types\/page"}],"author":[{"embeddable":true,"href":"https:\/\/www.glacerimo.fr\/index.php?rest_route=\/wp\/v2\/users\/1"}],"replies":[{"embeddable":true,"href":"https:\/\/www.glacerimo.fr\/index.php?rest_route=%2Fwp%2Fv2%2Fcomments&post=89"}],"version-history":[{"count":224,"href":"https:\/\/www.glacerimo.fr\/index.php?rest_route=\/wp\/v2\/pages\/89\/revisions"}],"predecessor-version":[{"id":913,"href":"https:\/\/www.glacerimo.fr\/index.php?rest_route=\/wp\/v2\/pages\/89\/revisions\/913"}],"wp:attachment":[{"href":"https:\/\/www.glacerimo.fr\/index.php?rest_route=%2Fwp%2Fv2%2Fmedia&parent=89"}],"curies":[{"name":"wp","href":"https:\/\/api.w.org\/{rel}","templated":true}]}}